

{"id":5,"date":"2022-11-17T09:41:02","date_gmt":"2022-11-17T08:41:02","guid":{"rendered":"https:\/\/wordpress.mittlere-vils.de\/?page_id=5"},"modified":"2026-01-26T10:31:37","modified_gmt":"2026-01-26T09:31:37","slug":"startseite","status":"publish","type":"page","link":"https:\/\/www.mittlere-vils.de\/","title":{"rendered":"Startseite"},"content":{"rendered":"<div class=\"wp-block-image\">\n<figure class=\"aligncenter size-full\"><img loading=\"lazy\" decoding=\"async\" width=\"349\" height=\"250\" src=\"https:\/\/www.mittlere-vils.de\/wp-content\/uploads\/cropped-logo.gif\" alt=\"\" class=\"wp-image-133\"\/><\/figure>\n<\/div>\n\n\n<h2 class=\"wp-block-heading has-text-align-center\">Trinkwasser &#8211; sicher in kommunaler Hand<\/h2>\n\n\n<h1>\u00a0<\/h1>\n<h1 style=\"text-align: center;\">Herzlich Willkommen<\/h1>\n<h1 style=\"text-align: center;\">bei Ihrer Wasserversorgung Mittlere Vils<\/h1>\n<p>In Deutschland geh\u00f6rt der Zugang zu sauberem Trinkwasser f\u00fcr alle B\u00fcrger zur Daseinsvorsorge \u2013 unabh\u00e4ngig von finanziellen oder anderen Privilegien. Und das zu \u00e4u\u00dferst moderaten Preisen. Damit dies so bleibt, darf Trinkwasser auch in Zukunft keine \u201enormale Handelsware\u201c werden. Der Auftrag f\u00fcr die Daseinsvorsorge, die B\u00fcrger mit sauberem Trinkwasser zu versorgen, liegt dabei am sichersten in \u00f6ffentlicher Hand, denn Kommunen sind dem Gemeinwohl verpflichtet, im Gegensatz zu privaten Unternehmen, die in erster Linie ihren Aktion\u00e4ren verantwortlich sind und daher profitorientiert handeln m\u00fcssen. Daher geh\u00f6rt unsere Wasserversorgung weiterhin in verantwortungsvolle kommunale H\u00e4nde.<\/p>\n<p>Herzlichst<br \/>Ihr <strong>Verbandsvorsitzender der Wasserversorgung Mittlere Vils<\/strong><\/p>\n<p>Peter Rauscher<\/p>\n\n\n<p><\/p>\n\n\n\n<div class=\"wp-block-cover\"><img loading=\"lazy\" decoding=\"async\" width=\"1024\" height=\"745\" class=\"wp-block-cover__image-background wp-image-732\" alt=\"\" src=\"https:\/\/www.mittlere-vils.de\/wp-content\/uploads\/PFAS-WMV-1024x745.png\" data-object-fit=\"cover\" srcset=\"https:\/\/www.mittlere-vils.de\/wp-content\/uploads\/PFAS-WMV-1024x745.png 1024w, https:\/\/www.mittlere-vils.de\/wp-content\/uploads\/PFAS-WMV-300x218.png 300w, https:\/\/www.mittlere-vils.de\/wp-content\/uploads\/PFAS-WMV-768x559.png 768w, https:\/\/www.mittlere-vils.de\/wp-content\/uploads\/PFAS-WMV.png 1153w\" sizes=\"auto, (max-width: 1024px) 100vw, 1024px\" \/><span aria-hidden=\"true\" class=\"wp-block-cover__background has-background-dim\"><\/span><div class=\"wp-block-cover__inner-container is-layout-flow wp-block-cover-is-layout-flow\">\n<p class=\"has-text-align-center has-large-font-size\"><strong>PFAS<\/strong><\/p>\n\n\n\n<p class=\"has-text-align-center\">aufgrund der aktuellen Berichterstattung:<\/p>\n\n\n\n<p class=\"has-text-align-center\">es sind <strong>keine<\/strong> \u00dcberschreitungen nachweisbar.<\/p>\n<\/div><\/div>\n\n\n\n<pre class=\"wp-block-verse has-text-align-center\"><img loading=\"lazy\" decoding=\"async\" width=\"600\" height=\"450\" class=\"wp-image-716\" style=\"width: 600px;\" src=\"https:\/\/www.mittlere-vils.de\/wp-content\/uploads\/Wir-bilden-aus-IHK.png\" alt=\"\" srcset=\"https:\/\/www.mittlere-vils.de\/wp-content\/uploads\/Wir-bilden-aus-IHK.png 1086w, https:\/\/www.mittlere-vils.de\/wp-content\/uploads\/Wir-bilden-aus-IHK-300x225.png 300w, https:\/\/www.mittlere-vils.de\/wp-content\/uploads\/Wir-bilden-aus-IHK-1024x768.png 1024w, https:\/\/www.mittlere-vils.de\/wp-content\/uploads\/Wir-bilden-aus-IHK-768x576.png 768w\" sizes=\"auto, (max-width: 600px) 100vw, 600px\" \/><br><a href=\"https:\/\/www.mittlere-vils.de\/?page_id=708\" data-type=\"page\" data-id=\"708\"><strong><mark style=\"background-color:rgba(0, 0, 0, 0)\" class=\"has-inline-color has-vivid-red-color\">JOBS\/Ausbildung<\/mark><\/strong><\/a><\/pre>\n\n\n\n<pre class=\"wp-block-verse has-text-align-center\"><strong>Sie finden uns hier:<\/strong><br>Hauptstra\u00dfe 19<br>84168 Aham<\/pre>\n\n\n\n<pre class=\"wp-block-verse has-text-align-center has-vivid-red-color has-text-color has-link-color wp-elements-78a23e36f98d87598d9a968ee320c18b\"><strong>24 Std. Bereitschaft <br>In dringenden F\u00e4llen erreichen Sie uns<br>jederzeit unter dieser Telefonnummer<br>08744\/ 9612 - 0<\/strong><\/pre>\n\n\n\n<pre class=\"wp-block-verse has-text-align-center\"><strong>Unsere \u00d6ffnungszeiten<\/strong>\n<strong>Gesch\u00e4ftsstelle Aham (Verwaltung)<\/strong>\nMontag bis Donnerstag: 7:30 - 15:30 Uhr\nFreitag: 7:30 - 12:00 Uhr<\/pre>\n\n\n\n<div class=\"wp-block-group alignfull is-content-justification-space-between is-layout-flex wp-container-core-group-is-layout-0904c582 wp-block-group-is-layout-flex\" style=\"margin-top:0;margin-bottom:0;padding-top:var(--wp--preset--spacing--50);padding-right:var(--wp--preset--spacing--30);padding-bottom:var(--wp--preset--spacing--50);padding-left:var(--wp--preset--spacing--30)\">\n<div class=\"wp-block-group wp-container-content-9cfa9a5a is-vertical is-layout-flex wp-container-core-group-is-layout-b7faace9 wp-block-group-is-layout-flex\"><h1 class=\"wp-block-site-title has-medium-font-size\"><a href=\"https:\/\/www.mittlere-vils.de\" target=\"_self\" rel=\"home\">Wasserversorgung Mittlere Vils<\/a><\/h1>\n\n\n<p class=\"has-text-align-left\">&#8211; K\u00f6rperschaft des \u00f6ffentlichen Rechts &#8211; <\/p>\n\n\n\n<p class=\"has-text-align-left\">Hauptstra\u00dfe 19 <\/p>\n\n\n\n<p class=\"has-text-align-left\">84168 Aham <\/p>\n\n\n\n<p class=\"has-text-align-left\">Tel.: +49 (0)8744 \/ 96 12 &#8211; 0<\/p>\n\n\n\n<p class=\"has-text-align-left\">Fax: +49 (0)8744 \/ 96 12 &#8211; 22<\/p>\n\n\n\n<p class=\"has-text-align-left\">E-Mail: info@mittlere-vils.de <\/p>\n\n\n\n<div style=\"height:0px\" aria-hidden=\"true\" class=\"wp-block-spacer wp-container-content-541a6b20\"><\/div>\n<\/div>\n\n\n\n<div class=\"wp-block-group is-content-justification-right is-layout-flex wp-container-core-group-is-layout-58daa69f wp-block-group-is-layout-flex\">\n<div class=\"wp-block-group is-vertical is-layout-flex wp-container-core-group-is-layout-8cf370e7 wp-block-group-is-layout-flex\">\n<p class=\"has-text-align-left\"><\/p>\n\n\n\n<p><a href=\"https:\/\/www.mittlere-vils.de\/?page_id=466\" data-type=\"page\" data-id=\"466\">Impressum<\/a><\/p>\n\n\n\n<p><a href=\"https:\/\/www.mittlere-vils.de\/?page_id=471\" data-type=\"page\" data-id=\"471\">Datenschutzerkl\u00e4rung<\/a><\/p>\n\n\n\n<p><a href=\"https:\/\/www.mittlere-vils.de\/wp-content\/uploads\/Informationspflichten-zum-Datenschutz.pdf\" data-type=\"page\" data-id=\"471\">Informationspflichten zum Datenschutz<\/a><\/p>\n\n\n\n<div style=\"height:0px\" aria-hidden=\"true\" class=\"wp-block-spacer wp-container-content-541a6b20\"><\/div>\n\n\n\n<figure class=\"wp-block-image size-full\"><a href=\"https:\/\/www.dvgw.de\/leistungen\/technisches-sicherheitsmanagement\"><img loading=\"lazy\" decoding=\"async\" width=\"196\" height=\"72\" src=\"https:\/\/www.mittlere-vils.de\/wp-content\/uploads\/TSM-geprueft.png\" alt=\"\" class=\"wp-image-285\"\/><\/a><\/figure>\n<\/div>\n<\/div>\n<\/div>\n\n\n\n\n\t\t\t\t<div id=\"map_ol3js_1\" class=\"map undefined\" data-map_name=\"undefined\" data-map=\"map_ol3js_1\" style=\"width:95%; max-width:100%; height:450px; display:block; overflow:hidden;border:2px solid grey;\" >\n\t\t\t\t  <div id=\"map_ol3js_1_popup\" class=\"ol-popup\" >\n\t\t\t\t\t<a href=\"#\" id=\"map_ol3js_1_popup-closer\" class=\"ol-popup-closer\"><\/a>\n\t\t\t\t\t<div id=\"map_ol3js_1_popup-content\" ><\/div>\n\t\t\t\t  <\/div>\n\t\t\t\t<\/div>\n\t\t\t\n\n\t\t\t\t<script type=\"text\/javascript\">\n\t\t\t\t\ttranslations['openlayer'] = \"open layer\";\n\t\t\t\t\ttranslations['openlayerAtStartup'] = \"open layer at startup\";\n\t\t\t\t\ttranslations['generateLink'] = \"Der Link zur Karte mit ausgew\u00e4hlten Overlays und angezeigtem Ausschnitt\";\n\t\t\t\t\ttranslations['shortDescription'] = \"Kurzbeschreibung\";\n\t\t\t\t\ttranslations['generatedShortCode'] = \"to get a text control link paste this code in your wordpress editor\";\n\t\t\t\t\ttranslations['closeLayer'] = \"close layer\";\n\t\t\t\t\ttranslations['cantGenerateLink'] = \"put this string in the existing map short code to control this map\";\n\t\t\t  <\/script>\n\n\n\t\t\t  <script type=\"text\/javascript\">\n\t\t\t  vectorM['map_ol3js_1'] = [];\n\t        \n        var raster = getTileLayer(\"osm\",\"NoKey\");\t\t\t\n\n\t\t\t  var map_ol3js_1 = new ol.Map({\n\t\t\t\tinteractions: ol.interaction.defaults.defaults({mouseWheelZoom:false}),\n\t\t\t\tlayers: [raster],\n\t\t\t\ttarget: \"map_ol3js_1\",\n\t\t\t\tview: new ol.View({\n\t\t\t\t  center: ol.proj.transform([12.4696,48.5293], \"EPSG:4326\", \"EPSG:3857\"),\n\t\t\t\t  zoom: 15.8\n\t\t\t\t})\n\t\t\t  });\n\t\t\t  osm_addMarkerLayer(map_ol3js_1,12.4669,48.5301,\"https:\/\/www.mittlere-vils.de\/wp-content\/plugins\/osm\/icons\/mic_blue_empty_01.png\",-16,-41,\"<p>Wasserversorgung Mittlere-Vils<\/p>\") ; \naddControls2Map(map_ol3js_1,0,0,3,0,5,6,7,0,1);\nosm_addPopupClickhandler(map_ol3js_1,  \"map_ol3js_1\"); \nosm_addMouseHover(map_ol3js_1); <\/script>\n","protected":false},"excerpt":{"rendered":"<p>Trinkwasser &#8211; sicher in kommunaler Hand \u00a0 Herzlich Willkommen bei Ihrer Wasserversorgung Mittlere Vils In Deutschland geh\u00f6rt der Zugang zu sauberem Trinkwasser f\u00fcr alle B\u00fcrger&#8230;<\/p>\n<div class=\"more-link-wrapper\"><a class=\"more-link\" href=\"https:\/\/www.mittlere-vils.de\/\">Weiterlesen<span class=\"screen-reader-text\">Startseite<\/span><\/a><\/div>\n","protected":false},"author":1,"featured_media":0,"parent":0,"menu_order":0,"comment_status":"closed","ping_status":"closed","template":"","meta":{"footnotes":""},"class_list":["post-5","page","type-page","status-publish","hentry","entry"],"_links":{"self":[{"href":"https:\/\/www.mittlere-vils.de\/index.php?rest_route=\/wp\/v2\/pages\/5","targetHints":{"allow":["GET"]}}],"collection":[{"href":"https:\/\/www.mittlere-vils.de\/index.php?rest_route=\/wp\/v2\/pages"}],"about":[{"href":"https:\/\/www.mittlere-vils.de\/index.php?rest_route=\/wp\/v2\/types\/page"}],"author":[{"embeddable":true,"href":"https:\/\/www.mittlere-vils.de\/index.php?rest_route=\/wp\/v2\/users\/1"}],"replies":[{"embeddable":true,"href":"https:\/\/www.mittlere-vils.de\/index.php?rest_route=%2Fwp%2Fv2%2Fcomments&post=5"}],"version-history":[{"count":98,"href":"https:\/\/www.mittlere-vils.de\/index.php?rest_route=\/wp\/v2\/pages\/5\/revisions"}],"predecessor-version":[{"id":761,"href":"https:\/\/www.mittlere-vils.de\/index.php?rest_route=\/wp\/v2\/pages\/5\/revisions\/761"}],"wp:attachment":[{"href":"https:\/\/www.mittlere-vils.de\/index.php?rest_route=%2Fwp%2Fv2%2Fmedia&parent=5"}],"curies":[{"name":"wp","href":"https:\/\/api.w.org\/{rel}","templated":true}]}}

<div class="wp-block-image">
<figure class="aligncenter size-full"><img loading="lazy" decoding="async" width="349" height="250" src="https://www.mittlere-vils.de/wp-content/uploads/cropped-logo.gif" alt="" class="wp-image-133"/></figure>
</div>


<h2 class="wp-block-heading has-text-align-center">Trinkwasser &#8211; sicher in kommunaler Hand</h2>


<h1> </h1>
<h1 style="text-align: center;">Herzlich Willkommen</h1>
<h1 style="text-align: center;">bei Ihrer Wasserversorgung Mittlere Vils</h1>
<p>In Deutschland gehört der Zugang zu sauberem Trinkwasser für alle Bürger zur Daseinsvorsorge – unabhängig von finanziellen oder anderen Privilegien. Und das zu äußerst moderaten Preisen. Damit dies so bleibt, darf Trinkwasser auch in Zukunft keine „normale Handelsware“ werden. Der Auftrag für die Daseinsvorsorge, die Bürger mit sauberem Trinkwasser zu versorgen, liegt dabei am sichersten in öffentlicher Hand, denn Kommunen sind dem Gemeinwohl verpflichtet, im Gegensatz zu privaten Unternehmen, die in erster Linie ihren Aktionären verantwortlich sind und daher profitorientiert handeln müssen. Daher gehört unsere Wasserversorgung weiterhin in verantwortungsvolle kommunale Hände.</p>
<p>Herzlichst<br />Ihr <strong>Verbandsvorsitzender der Wasserversorgung Mittlere Vils</strong></p>
<p>Peter Rauscher</p>


<p></p>



<div class="wp-block-cover"><img loading="lazy" decoding="async" width="1024" height="745" class="wp-block-cover__image-background wp-image-732" alt="" src="https://www.mittlere-vils.de/wp-content/uploads/PFAS-WMV-1024x745.png" data-object-fit="cover" srcset="https://www.mittlere-vils.de/wp-content/uploads/PFAS-WMV-1024x745.png 1024w, https://www.mittlere-vils.de/wp-content/uploads/PFAS-WMV-300x218.png 300w, https://www.mittlere-vils.de/wp-content/uploads/PFAS-WMV-768x559.png 768w, https://www.mittlere-vils.de/wp-content/uploads/PFAS-WMV.png 1153w" sizes="auto, (max-width: 1024px) 100vw, 1024px" /><span aria-hidden="true" class="wp-block-cover__background has-background-dim"></span><div class="wp-block-cover__inner-container is-layout-flow wp-block-cover-is-layout-flow">
<p class="has-text-align-center has-large-font-size"><strong>PFAS</strong></p>



<p class="has-text-align-center">aufgrund der aktuellen Berichterstattung:</p>



<p class="has-text-align-center">es sind <strong>keine</strong> Überschreitungen nachweisbar.</p>
</div></div>



<pre class="wp-block-verse has-text-align-center"><img loading="lazy" decoding="async" width="600" height="450" class="wp-image-716" style="width: 600px;" src="https://www.mittlere-vils.de/wp-content/uploads/Wir-bilden-aus-IHK.png" alt="" srcset="https://www.mittlere-vils.de/wp-content/uploads/Wir-bilden-aus-IHK.png 1086w, https://www.mittlere-vils.de/wp-content/uploads/Wir-bilden-aus-IHK-300x225.png 300w, https://www.mittlere-vils.de/wp-content/uploads/Wir-bilden-aus-IHK-1024x768.png 1024w, https://www.mittlere-vils.de/wp-content/uploads/Wir-bilden-aus-IHK-768x576.png 768w" sizes="auto, (max-width: 600px) 100vw, 600px" /><br><a href="https://www.mittlere-vils.de/?page_id=708" data-type="page" data-id="708"><strong><mark style="background-color:rgba(0, 0, 0, 0)" class="has-inline-color has-vivid-red-color">JOBS/Ausbildung</mark></strong></a></pre>



<pre class="wp-block-verse has-text-align-center"><strong>Sie finden uns hier:</strong><br>Hauptstraße 19<br>84168 Aham</pre>



<pre class="wp-block-verse has-text-align-center has-vivid-red-color has-text-color has-link-color wp-elements-78a23e36f98d87598d9a968ee320c18b"><strong>24 Std. Bereitschaft <br>In dringenden Fällen erreichen Sie uns<br>jederzeit unter dieser Telefonnummer<br>08744/ 9612 - 0</strong></pre>



<pre class="wp-block-verse has-text-align-center"><strong>Unsere Öffnungszeiten</strong>
<strong>Geschäftsstelle Aham (Verwaltung)</strong>
Montag bis Donnerstag: 7:30 - 15:30 Uhr
Freitag: 7:30 - 12:00 Uhr</pre>



<div class="wp-block-group alignfull is-content-justification-space-between is-layout-flex wp-container-core-group-is-layout-0904c582 wp-block-group-is-layout-flex" style="margin-top:0;margin-bottom:0;padding-top:var(--wp--preset--spacing--50);padding-right:var(--wp--preset--spacing--30);padding-bottom:var(--wp--preset--spacing--50);padding-left:var(--wp--preset--spacing--30)">
<div class="wp-block-group wp-container-content-9cfa9a5a is-vertical is-layout-flex wp-container-core-group-is-layout-b7faace9 wp-block-group-is-layout-flex"><h1 class="wp-block-site-title has-medium-font-size"><a href="https://www.mittlere-vils.de" target="_self" rel="home">Wasserversorgung Mittlere Vils</a></h1>


<p class="has-text-align-left">&#8211; Körperschaft des öffentlichen Rechts &#8211; </p>



<p class="has-text-align-left">Hauptstraße 19 </p>



<p class="has-text-align-left">84168 Aham </p>



<p class="has-text-align-left">Tel.: +49 (0)8744 / 96 12 &#8211; 0</p>



<p class="has-text-align-left">Fax: +49 (0)8744 / 96 12 &#8211; 22</p>



<p class="has-text-align-left">E-Mail: info@mittlere-vils.de </p>



<div style="height:0px" aria-hidden="true" class="wp-block-spacer wp-container-content-541a6b20"></div>
</div>



<div class="wp-block-group is-content-justification-right is-layout-flex wp-container-core-group-is-layout-58daa69f wp-block-group-is-layout-flex">
<div class="wp-block-group is-vertical is-layout-flex wp-container-core-group-is-layout-8cf370e7 wp-block-group-is-layout-flex">
<p class="has-text-align-left"></p>



<p><a href="https://www.mittlere-vils.de/?page_id=466" data-type="page" data-id="466">Impressum</a></p>



<p><a href="https://www.mittlere-vils.de/?page_id=471" data-type="page" data-id="471">Datenschutzerklärung</a></p>



<p><a href="https://www.mittlere-vils.de/wp-content/uploads/Informationspflichten-zum-Datenschutz.pdf" data-type="page" data-id="471">Informationspflichten zum Datenschutz</a></p>



<div style="height:0px" aria-hidden="true" class="wp-block-spacer wp-container-content-541a6b20"></div>



<figure class="wp-block-image size-full"><a href="https://www.dvgw.de/leistungen/technisches-sicherheitsmanagement"><img loading="lazy" decoding="async" width="196" height="72" src="https://www.mittlere-vils.de/wp-content/uploads/TSM-geprueft.png" alt="" class="wp-image-285"/></a></figure>
</div>
</div>
</div>




				<div id="map_ol3js_1" class="map undefined" data-map_name="undefined" data-map="map_ol3js_1" style="width:95%; max-width:100%; height:450px; display:block; overflow:hidden;border:2px solid grey;" >
				  <div id="map_ol3js_1_popup" class="ol-popup" >
					<a href="#" id="map_ol3js_1_popup-closer" class="ol-popup-closer"></a>
					<div id="map_ol3js_1_popup-content" ></div>
				  </div>
				</div>
			

				<script type="text/javascript">
					translations['openlayer'] = "open layer";
					translations['openlayerAtStartup'] = "open layer at startup";
					translations['generateLink'] = "Der Link zur Karte mit ausgewählten Overlays und angezeigtem Ausschnitt";
					translations['shortDescription'] = "Kurzbeschreibung";
					translations['generatedShortCode'] = "to get a text control link paste this code in your wordpress editor";
					translations['closeLayer'] = "close layer";
					translations['cantGenerateLink'] = "put this string in the existing map short code to control this map";
			  </script>


			  <script type="text/javascript">
			  vectorM['map_ol3js_1'] = [];
	        
        var raster = getTileLayer("osm","NoKey");			

			  var map_ol3js_1 = new ol.Map({
				interactions: ol.interaction.defaults.defaults({mouseWheelZoom:false}),
				layers: [raster],
				target: "map_ol3js_1",
				view: new ol.View({
				  center: ol.proj.transform([12.4696,48.5293], "EPSG:4326", "EPSG:3857"),
				  zoom: 15.8
				})
			  });
			  osm_addMarkerLayer(map_ol3js_1,12.4669,48.5301,"https://www.mittlere-vils.de/wp-content/plugins/osm/icons/mic_blue_empty_01.png",-16,-41,"<p>Wasserversorgung Mittlere-Vils</p>") ; 
addControls2Map(map_ol3js_1,0,0,3,0,5,6,7,0,1);
osm_addPopupClickhandler(map_ol3js_1,  "map_ol3js_1"); 
osm_addMouseHover(map_ol3js_1); </script>

<p>Trinkwasser &#8211; sicher in kommunaler Hand   Herzlich Willkommen bei Ihrer Wasserversorgung Mittlere Vils In Deutschland gehört der Zugang zu sauberem Trinkwasser für alle Bürger&#8230;</p>
<div class="more-link-wrapper"><a class="more-link" href="https://www.mittlere-vils.de/">Weiterlesen<span class="screen-reader-text">Startseite</span></a></div>
